 7) to base 10.
0
-1 (base 16) to base 8
-1
-112 (base 5) to base 13
-26
Convert 5 (base 12) to base 2.
101
-17 (base 10) to base 5
-32
Convert 26 (base 7) to base 15.
15
10110101 (base 2) to base 10
181
What is 15a (base 13) in base 16?
f4
What is 10 (base 3) in base 10?
3
64 (base 16) to base 14
72
What is -2 (base 14) in base 5?
-2
Convert -1 (base 3) to base 12.
-1
What is -3 (base 15) in base 6?
-3
Convert 0 (base 4) to base 7.
0
Convert -11 (base 7) to base 12.
-8
What is -2110 (base 3) in base 4?
-1002
What is 3 (base 10) in base 12?
3
Convert -1a (base 15) to base 12.
-21
What is 8 (base 15) in base 16?
8
-43 (base 7) to base 9
-34
Convert -1 (base 13) to base 14.
-1
Convert -202 (base 8) to base 11.
-109
Convert -112 (base 8) to base 9.
-82
-10 (base 11) to base 14
-b
What is -2222 (base 4) in base 14?
-c2
Convert -2 (base 16) to base 14.
-2
Convert 62 (base 15) to base 5.
332
-1555 (base 6) to base 11
-362
-9 (base 13) to base 11
-9
3 (base 13) to base 12
3
Convert -221 (base 3) to base 15.
-1a
What is -2000 (base 4) in base 11?
-107
-1d (base 16) to base 6
-45
28 (base 15) to base 8
46
-10 (base 12) to base 16
-c
What is 30 (base 11) in base 6?
53
What is 2 (base 3) in base 5?
2
What is -3 (base 4) in base 5?
-3
163 (base 9) to base 12
b6
-11101101 (base 2) to base 4
-3231
221 (base 5) to base 8
75
Convert -3 (base 16) to base 10.
-3
Convert 123 (base 6) to base 10.
51
Convert 39 (base 14) to base 15.
36
Convert 62 (base 15) to base 2.
1011100
-84 (base 11) to base 13
-71
What is -10 (base 4) in base 8?
-4
Convert 33 (base 7) to base 2.
11000
-427 (base 8) to base 4
-10113
Convert -10100 (base 2) to base 15.
-15
4 (base 8) to base 14
4
-20022 (base 3) to base 15
-b5
Convert c (base 16) to base 6.
20
What is 30 (base 6) in base 9?
20
What is 9 (base 16) in base 13?
9
What is 61 (base 15) in base 14?
67
What is -30 (base 15) in base 8?
-55
What is -13 (base 10) in base 13?
-10
Convert 1 (base 2) to base 10.
1
Convert -6 (base 8) to base 14.
-6
What is 44 (base 7) in base 8?
40
Convert 2 (base 3) to base 8.
2
What is 33 (base 5) in base 16?
12
Convert 100 (base 10) to base 14.
72
-49 (base 11) to base 3
-1222
Convert -3 (base 4) to base 3.
-10
What is 15 (base 9) in base 2?
1110
-108 (base 15) to base 9
-278
Convert 7 (base 11) to base 7.
10
58 (base 14) to base 2
1001110
What is -4 (base 13) in base 5?
-4
253 (base 6) to base 5
410
Convert 334 (base 5) to base 6.
234
What is -3 (base 13) in base 11?
-3
What is 3 (base 6) in base 8?
3
What is -456 (base 7) in base 5?
-1422
5 (base 9) to base 12
5
434 (base 5) to base 11
a9
5 (base 6) to base 8
5
What is 11 (base 9) in base 6?
14
Convert 64 (base 11) to base 3.
2121
What is -1010 (base 2) in base 5?
-20
2e (base 16) to base 2
101110
Convert -3 (base 15) to base 7.
-3
-13 (base 5) to base 15
-8
Convert 21002 (base 3) to base 5.
1231
What is -10 (base 6) in base 5?
-11
Convert -17 (base 15) to base 2.
-10110
-66 (base 13) to base 15
-59
What is -31 (base 16) in base 15?
-34
Convert 2b (base 13) to base 5.
122
-2b (base 14) to base 2
-100111
31 (base 4) to base 12
11
9 (base 13) to base 7
12
-113 (base 11) to base 10
-135
What is -24 (base 15) in base 16?
-22
Convert -153 (base 9) to base 16.
-81
What is -1122 (base 4) in base 2?
-1011010
Convert 0 (base 10) to base 4.
0
-2 (base 12) to base 10
-2
Convert 41 (base 7) to base 8.
35
What is -111001 (base 2) in base 12?
-49
310 (base 4) to base 16
34
What is -159 (base 14) in base 8?
-423
-4 (base 8) to base 6
-4
5 (base 16) to base 14
5
What is -2 (base 8) in base 15?
-2
What is 1 (base 7) in base 14?
1
-29 (base 15) to base 14
-2b
-113 (base 5) to base 15
-23
Convert 0 (base 11) to base 7.
0
What is 33 (base 4) in base 7?
21
Convert -1001111 (base 2) to base 15.
-54
10 (base 8) to base 14
8
20010 (base 3) to base 2
10100101
What is 3122 (base 4) in base 8?
332
-3 (base 14) to base 4
-3
What is 16 (base 14) in base 11?
19
Convert -1221 (base 5) to base 13.
-114
What is 50 (base 16) in base 8?
120
c (base 16) to base 15
c
5 (base 8) to base 7
5
What is 32 (base 6) in base 4?
110
Convert -7 (base 8) to base 4.
-13
What is 4 (base 16) in base 15?
4
Convert 8 (base 11) to base 14.
8
14b (base 15) to base 6
1212
Convert 1 (base 13) to base 2.
1
What is -134 (base 5) in base 4?
-230
-7 (base 10) to base 7
-10
Convert -22 (base 10) to base 6.
-34
What is 0 (base 12) in base 6?
0
251 (base 6) to base 7
205
What is 22 (base 14) in base 7?
42
Convert -3 (base 14) to base 12.
-3
7 (base 10) to base 9
7
Convert 2b (base 15) to base 13.
32
22 (base 4) to base 12
a
What is 34 (base 14) in base 12?
3a
-10 (base 5) to base 7
-5
0 (base 8) to base 7
0
1 (base 2) to base 11
1
What is -10 (base 12) in base 14?
-c
-15 (base 16) to base 5
-41
What is 5 (base 14) in base 12?
5
Convert 41 (base 7) to base 16.
1d
What is 14 (base 8) in base 13?
c
What is 16 (base 16) in base 3?
211
What is 24 (base 5) in base 9?
15
What is -7 (base 12) in base 5?
-12
201 (base 6) to base 12
61
What is -8 (base 15) in base 11?
-8
Convert 1 (base 13) to base 2.
1
-6 (base 13) to base 12
-6
Convert -7 (base 14) to base 4.
-13
What is -b4 (base 15) in base 2?
-10101001
What is 3 (base 10) in base 2?
11
What is -12 (base 10) in base 5?
-22
Convert -19 (base 13) to base 4.
-112
Convert -7 (base 13) to base 7.
-10
Convert -6 (base 11) to base 9.
-6
Convert -232 (base 4) to base 5.
-141
-406 (base 8) to base 16
-106
Convert -e6 (base 16) to base 11.
-19a
Convert -40 (base 14) to base 5.
-211
Convert -4 (base 8) to base 10.
-4
23 (base 8) to base 10
19
Convert 30 (base 9) to base 16.
1b
What is -1 (base 13) in base 11?
-1
d (base 16) to base 10
13
What is 303 (base 4) in base 2?
110011
Convert -1220 (base 4) to base 8.
-150
Convert 197 (base 11) to base 4.
3203
-18 (base 12) to base 9
-22
Convert 0 (base 8) to base 6.
0
Convert -6 (base 10) to base 12.
-6
What is -17 (base 11) in base 2?
-10010
-364 (base 7) to base 14
-db
Convert 10 (base 2) to base 12.
2
What is -102 (base 4) in base 9?
-20
-147 (base 9) to base 11
-103
Convert -7 (base 12) to base 15.
-7
Convert 78 (base 11) to base 14.
61
What is 2 (base 15) in base 8?
2
3 (base 7) to base 14
3
Convert -2 (base 8) to base 15.
-2
-11 (base 8) to base 16
-9
What is 0 (base 5) in base 8?
0
What is -139 (base 10) in base 7?
-256
What is 1 (base 16) in base 9?
1
-10 (base 15) to base 6
-23
-101000 (base 2) to base 14
-2c
What is -1 (base 15) in base 14?
-1
What is 4 (base 5) in base 13?
4
Convert -123 (base 12) to base 6.
-443
-14 (base 5) to base 7
-12
What is 1 (base 15) in base 10?
1
-355 (base 6) to base 15
-98
What is 3 (base 7) in base 4?
3
-80 (base 9) to base 8
-110
48 (base 11) to base 2
110100
-3 (base 5) to base 12
-3
-2 (base 6) to base 9
-2
What is -4 (base 15) in base 7?
-4
Convert -2 (base 4) to base 11.
-2
What is -41 (base 9) in base 11?
-34
What is -2d (base 16) in base 12?
-39
What is -1 (base 13) in base 4?
-1
Convert 3b (base 14) to base 4.
311
Convert -34 (base 16) to base 12.
-44
Convert 11 (base 6) to base 9.
7
-221 (base 3) to base 4
-121
-62 (base 7) to base 4
-230
110110 (base 2) to base 7
105
-8 (base 16) to base 12
-8
-25 (base 8) to base 11
-1a
What is 26 (base 12) in base 10?
30
Convert 10 (base 5) to base 6.
5
5 (base 9) to base 13
5
Convert 1 (base 13) to base 12.
1
What is 15 (base 12) in base 11?
16
-11 (base 14) to base 7
-21
-9c (base 13) to base 2
-10000001
What is -13 (base 4) in base 2?
-111
3 (base 4) to base 9
3
Convert -2 (base 14) to base 13.
-2
What is 24 (base 5) in base 10?
14
-3 (base 10) to base 14
-3
19 (base 10) to base 9
21
Convert 1 (base 12) to base 2.
1
What is 5 (base 16) in base 2?
101
Convert 1 (base 3) to base 8.
1
100 (base 2) to base 7
4
What is 2 (base 14) in base 8?
2
Convert 14 (base 9) to base 3.
111
Convert -7 (base 13) to base 14.
-7
Convert -12 (base 14) to base 5.
-31
Convert 6 (base 12) to base 13.
6
Convert -5 (base 16) to base 10.
-5
Convert 110101 (base 2) to base 16.
35
0 (base 11) to base 7
0
What is 146 (base 11) in base 4?
2223
What is -4 (base 9) in base 11?
-4
-9 (base 16) to base 7
-12
-3 (base 13) to base 7
-3
Convert -4 (base 16) to base 15.
-4
82 (base 9) to base 15
4e
Convert 14 (base 13) to base 2.
10001
What is 1 (base 14) in base 3?
1
Convert 0 (base 